it of l?
9
Let m = 0 - 3. Let y be 19 + 2/(6/m). Suppose u = 3*p - 82, -u + y = p - 6*u. What is the tens digit of p?
2
Let v = -1 - -6. Suppose 0 = r - 3*h + 4*h - 74, 3*r = v*h + 190. What is the tens digit of r?
7
Suppose -4*x + 64 = 4*h - 16, 3*x - 2*h - 45 = 0. What is the tens digit of x?
1
Let h(l) = -l**3 - 5*l**2 + 7*l - 10. Let q be h(-7). Let m = 66 - q. What is the units digit of m?
7
What is the units digit of 14/(-6)*(-211 - 23)?
6
Let n = -5 + 242. What is the units digit of n?
7
Suppose u - 2376 = -0*u - r, 3*r = 5*u - 11920. What is the tens digit of u?
8
Suppose 0 = 6*a - 13082 + 2456. What is the hundreds digit of a?
7
Suppose 4*u = -2*z + 1078, -5*z = -4*u + 8*u - 2683. What is the tens digit of z?
3
Let q = -446 - -826. What is the tens digit of q?
8
What is the tens digit of 247/1*(0 + -8)/(-2)?
8
Suppose -8 = 4*o - 6*o. Suppose -5*x + h = -21, 0 = -3*x + h + 4 + 9. Suppose -7*i + 3*i - o*j = -200, x*i - 225 = j. What is the tens digit of i?
5
What is the units digit of (-9)/(-18)*1*602?
1
What is the hundreds digit of -2 - (0 + (-122 - 11))?
1
Suppose -288 = -4*c - 0*c. Suppose 4*i = c + 96. What is the tens digit of i?
4
Let i = 2348 + -1426. Suppose i + 1462 = 16*z. What is the tens digit of z?
4
What is the tens digit of 3/27 + 11140/18?
1
Let c be 42/(-12)*(-24)/14. Let q(l) = -1 + 6*l + c*l - 5*l - 16*l. What is the tens digit of q(-2)?
1
Let j be 6/15 - (-38)/5. Let i(s) = s**3 - 6*s**2 - 13*s + 10. Let h be i(j). Let b = h + -21. What is the units digit of b?
3
Let h(b) be the third derivative of -5*b**4/12 + 10*b**2. What is the tens digit of h(-7)?
7
Let k(h) = 5413*h**2 + 2*h. What is the hundreds digit of k(-1)?
4
Let b be 126/(-10)*((-33)/(-9) + -7). Let v = 9 + b. What is the units digit of v?
1
Let z(u) = -u**2 + 37*u - 93. What is the tens digit of z(33)?
3
Let v = 84 - 148. Let h = v - -108. What is the units digit of h?
4
Let s(o) = o**3 - 9*o**2 + 4*o - 219. What is the units digit of s(14)?
7
Suppose 0 = -2*i + u + 3878, 58*i - 5817 = 55*i + 4*u. What is the tens digit of i?
3
Let l be 1/(-2)*-4 + 5. Suppose l*b = b + 12. Suppose b*f = 6*f - 136. What is the units digit of f?
4
Let o(i) = 302*i**2 - 2*i - 3. Let u be o(-1). Let z = u + 3. What is the units digit of z?
4
Let k be (-8)/(-6) + (-40)/(-6). What is the units digit of 4/k*(-3 + 59)?
8
Let u = 92 - 77. Suppose 13*g + 200 = u*g. What is the hundreds digit of g?
1
Suppose 0 = -4*d + 2635 - 735. What is the tens digit of d?
7
Suppose 5 = 8*l - 19. Suppose 5*d = 4*c + 142, 5*d - 4*c = -l*c + 148. What is the units digit of d?
0
Let j(k) be the second derivative of k**5/20 - k**4/6 - 7*k**2/2 - 2*k. What is the units digit of j(3)?
2
Suppose 27 = 3*a - 3*b, 3*a + 3*b = 5*a - 23. What is the tens digit of (-7)/(42/a)*-153?
0
Let r(a) = -2*a**3 + 8*a**2 - 2*a**3 + 4*a + 2 + 5*a**3 - 2*a**3. Suppose -43 = -5*x - 2*d - d, 4*d - 44 = -5*x. What is the tens digit of r(x)?
3
What is the units digit of (76 - 72)/(2/1499)?
8
Let i be (-12)/(-30) - 3/(-5) - -2. Suppose 5*v - 158 = v - c, v - i*c - 46 = 0. What is the tens digit of v?
4
Let t(y) be the second derivative of y**5/60 + 4*y**3/3 - 7*y**2/2 + y. Let n(f) be the first derivative of t(f). What is the tens digit of n(-8)?
7
Suppose -5*m - 1 + 11 = 0. Let i(q) = 21*q - 4. What is the units digit of i(m)?
8
Suppose 2*v + 0 = -5*z + 5, 0 = -v + 4*z + 35. Let j = 45 + v. What is the tens digit of j?
6
Let u = -21 - -1326. What is the units digit of u?
5
Let g(w) = 22*w**2 + 21*w + 83. What is the units digit of g(-6)?
9
Suppose 1086*k = 1088*k - 2290. What is the thousands digit of k?
1
Let d(w) = w**2 - 37*w + 175. What is the units digit of d(49)?
3
Suppose 4*c = -0*c + 12. Let j be (-2)/(3*c/(-9)). Suppose 3*i - 6 = j*g, -4*g = -2*i + 1 - 5. What is the units digit of i?
4
Suppose -17*z + 2178 = 563. What is the tens digit of z?
9
Let l(g) = -5 + 0 + 3*g + 1. Let m be l(3). Suppose -2*r - 4 = -r, 2*y - m*r - 40 = 0. What is the units digit of y?
0
Suppose 2*w - 7 - 3 = 4*y, 5*w - 25 = 2*y. Let j(k) = 3 - 2 - k**2 - 3*k - w*k. What is the units digit of j(-8)?
1
Let u(i) = i**3 - 20*i**2 + 3*i - 34. What is the tens digit of u(20)?
2
Let u = 769 + -744. Let h(j) = -j**3 - 5*j**2 + 3*j + 3. Let d be h(-3). Let l = u + d. What is the units digit of l?
1
Suppose 4879 = 8*g - 361. What is the tens digit of g?
5
What is the tens digit of (-330)/40*-1*508/3?
9
Let f(o) = -o**3 - 21*o**2 + 22*o + 47. Let q be f(-22). Suppose 166 = u + q. What is the tens digit of u?
1
Let s = 58 + -55. Let o(x) = x**3 + 3*x**2 + 3*x + 4. What is the units digit of o(s)?
7
Let i = 548 - 104. What is the units digit of i?
4
Let n = 76 - 133. Let x be n/(-6) - (-3)/(-2). Let w(r) = 9*r - 16. What is the tens digit of w(x)?
5
Let m(j) = -38 - 9*j - 23*j**2 + 5*j - 2*j**3 - 2*j + 1. What is the tens digit of m(-12)?
7
Let f = 160 - 294. Let m = -45 - f. What is the units digit of m?
9
Let v(z) = z**2 - 11*z + 20. Let n be v(9). Suppose 4*w = n*j - 58, -83 = -5*j - w + 95. What is the tens digit of j?
3
What is the tens digit of 1005/(1 - (-7 - -7))?
0
Let v(j) = -431*j + 238. What is the units digit of v(-7)?
5
Suppose -3*n = 12, -6 = -b + 4*n + 16. Let x be -4*(-1 + b/4). What is the units digit of 1 + 4/x*-17?
5
Suppose t - 27 = -3*z, -5*z = -151*t + 154*t - 61. What is the tens digit of t?
1
Let l(b) = b**2 - 8*b + 3. Let o = 3 - -2. Suppose -40 = -o*m + m. What is the units digit of l(m)?
3
Let d(j) = -j**2 - 97*j - 62. What is the tens digit of d(-46)?
8
Let q(x) = 7*x**3 + 11*x**2 - 11. Let w(z) = 4*z**3 + 5*z**2 - 5. Let t(g) = 3*q(g) - 5*w(g). Let v be 30/(-2)*(-2)/(-5). What is the units digit of t(v)?
4
Let o = 188 + -134. Let w = 21 + o. What is the tens digit of w?
7
Suppose 4*q - 8677 = -3*f, 5*q = 26 - 6. What is the thousands digit of f?
2
Let f = 10 + -9. Let t = 6 - f. Suppose t*l - 6*l = -7. What is the units digit of l?
7
Let h(u) = 153*u + 11. What is the units digit of h(3)?
0
Let h = -11 + 15. Suppose 0 = -h*s - 2*y + 70, 4*y - 2*y = 5*s - 92. What is the tens digit of s?
1
Let m(x) = x**3 + 13*x**2 + 12*x - 3. Let o be m(-12). Let g = o - -7. Suppose -p = g*d - 42, 2*d = 6*d - 4*p - 32. What is the tens digit of d?
1
Suppose 33*k - 1965 = 20541. What is the units digit of k?
2
Let a be ((-49)/14)/(2/4). Let l(d) = -d**3 - 6*d**2 + 3*d - 11. What is the units digit of l(a)?
7
Let w = -11 - -13. Let y be (5/10)/(1/w). What is the units digit of 1/y - (0 - 1)?
2
Let t(c) = 2*c + 3. Let i be t(-4). Let s = i - -25. What is the tens digit of (2 - 1)*(-1 + s)?
1
What is the hundreds digit of ((-12)/(-24))/(1/1168)?
5
Suppose 4*p = 4*h - 16, -p - 16 = -5*h + 4. Suppose -3*c = -p*u - 4*u, u = -2*c. Suppose -r - 4*r + 110 = c. What is the units digit of r?
2
Let u(f) = -31 + 32*f**3 + 31 - f**2. Let c = 4 + -3. What is the tens digit of u(c)?
3
What is the units digit of (-192 - 1)/(2/20*-5)?
6
Let q = -693 + 2076. What is the tens digit of q?
8
Suppose -103*h + 10668 = -82*h. What is the units digit of h?
8
Suppose 0 = 16*x - 3255 - 3833. What is the tens digit of x?
4
Suppose 0 = -46*f + 45*f + 5. What is the hundreds digit of (20/f + -6)/(2/(-255))?
2
Suppose 3*g + 1521 = i, 0 = -5*g + 3*g - 8. What is the tens digit of i?
0
Let m(t) = 3*t**2 + t - 1. Let y be ((-4)/6)/(8/72). Let i(p) = p**2 + 6*p + 2. Let k be i(y). What is the units digit of m(k)?
3
Suppose -r = -47*u + 50*u - 1229, 0 = -5*u + r + 2059. What is the tens digit of u?
1
Suppose 7624 = 3*z - 4*p, 3*p = -43*z + 39*z + 10207. What is the hundreds digit of z?
5
Let a(q) = 8*q**2 - 22*q + 93. What is the thousands digit of a(-17)?
2
Let t(m) = -m**2 + m + 17. Let b be t(0). Let c be (-45)/10 - 2/4. Let s = b - c. What is the tens digit of s?
2
Suppose -5*q = -0*q + 70. Let u = q + 25. Let y = u + -10. What is the units digit of y?
1
Let t = 23 - 19. Suppose -t = -5*h + 3*h. Suppose -h*j = -2*m - 72, 2*m - 15 = 5*m. What is the units digit of j?
1
Let j be 114 + (-2 - (-6)/(-3)). Suppose 34*m - 31*m = -138. Let b = m + j. What is the units digit of b?
4
Let f = 126 - -191. What is the hundreds digit of f?
3
Let q = -39 - -40. What is the units digit of 6 - (6 - 1) - (-110)/q?
1
Let o(m) = -7*m + 4. Let s = 0 - 5. Let a be s*((-16)/(-20) + 0). What